{"id":8147,"date":"2023-09-03T18:15:58","date_gmt":"2023-09-03T21:15:58","guid":{"rendered":"https:\/\/lucianaeherlon.com.br\/?page_id=8147"},"modified":"2023-09-03T19:04:49","modified_gmt":"2023-09-03T22:04:49","slug":"uma-experiencia-unica","status":"publish","type":"page","link":"https:\/\/estudiolucianaeherlon.com.br\/casamento\/uma-experiencia-unica\/","title":{"rendered":"uma-experiencia-unica"},"content":{"rendered":"<p><img decoding=\"async\" width=\"1706\" height=\"2560\" src=\"https:\/\/lucianaeherlon.com.br\/wp-content\/uploads\/2023\/09\/LUT06356-1-1-scaled.jpg\" alt=\"fotografo de casamento sp\" loading=\"lazy\" \/>\t\t\t\t\t\t\t\t\t\t\t\t\t\t\t<\/p>\n<h2>Fotografias \u00fanicas para momentos especiais<\/h2>\n<p data-sourcepos=\"1:1-1:54\">Fotografias de casamento, \u00fanicas para momentos especiais<\/p>\n<p data-sourcepos=\"5:1-5:164\">O amor \u00e9 um sentimento \u00fanico e especial, que merece ser celebrado em todos os momentos. E que maneira melhor de celebrar o amor do que eternizando-o em fotografias?<\/p>\n<p data-sourcepos=\"7:1-7:220\">A fotografia \u00e9 uma arte que nos permite capturar a beleza e a magia dos momentos mais importantes da nossa vida. \u00c9 uma maneira de guardar para sempre as nossas mem\u00f3rias, para que possamos revive-las sempre que quisermos.<\/p>\n<p data-sourcepos=\"11:1-11:172\">Aqui na Estudio Luciana e H\u00e9rlon Fotografia e Filme de Casamento, n\u00f3s somos apaixonados por fotografia e queremos ajudar voc\u00ea a registrar os momentos mais importantes da sua hist\u00f3ria de maneira \u00fanica e especial.<\/p>\n<p data-sourcepos=\"13:1-13:243\">Temos uma equipe de profissionais experientes e talentosos, que est\u00e3o sempre prontos para capturar a ess\u00eancia do seu amor. Trabalhamos com as \u00faltimas tecnologias e equipamentos, para garantir que suas fotos sejam de alta qualidade e resolu\u00e7\u00e3o.<\/p>\n<p data-sourcepos=\"15:1-15:214\">Oferecemos uma variedade de servi\u00e7os de fotografia, para atender \u00e0s necessidades de todos os nossos clientes. Trabalhamos com ensaios de casal, casamentos, anivers\u00e1rios, batizados, gestantes, fam\u00edlias e muito mais.<\/p>\n<p data-sourcepos=\"15:1-15:214\">\u00a0<\/p>\n<p data-sourcepos=\"17:1-17:24\"><strong>Nossos diferenciais:<\/strong><\/p>\n<p data-sourcepos=\"19:1-19:107\">Al\u00e9m da qualidade do nosso trabalho, oferecemos uma s\u00e9rie de diferenciais que nos tornam \u00fanicos no mercado.<\/p>\n<ul data-sourcepos=\"21:1-24:0\">\n<li data-sourcepos=\"21:1-21:135\"><strong>Acompanhamento personalizado:<\/strong>\u00a0Trabalhamos com um atendimento personalizado, para entendermos as suas necessidades e expectativas.<\/li>\n<li data-sourcepos=\"22:1-22:93\"><strong>Criatividade e inova\u00e7\u00e3o:<\/strong>\u00a0Buscamos sempre inovar e criar fotografias \u00fanicas e originais.<\/li>\n<li data-sourcepos=\"23:1-24:0\"><strong>Paix\u00e3o pelo que fazemos:<\/strong>\u00a0Amamos o que fazemos e isso se reflete em nosso trabalho.<\/li>\n<\/ul>\n<p>Se voc\u00ea est\u00e1 procurando um fot\u00f3grafo de casamento para registrar os momentos mais importantes da sua vida, n\u00e3o hesite em entrar em contato conosco. N\u00f3s teremos o maior prazer em atender voc\u00ea e ajud\u00e1-lo a criar fotografias \u00fanicas e especiais.<\/p>\n<h2>Agende um hor\u00e1rio para o seu ensaio ou casamento. Vamos conversar e criar um projeto personalizado para voc\u00ea.<br \/>\n<\/h2>\n<hr \/>\n<p>Clica no bot\u00e3o abaixo e me chama no whatsapp. Deixa eu te conhecer e falar como faremos essa experi\u00eancia ser uma das mais incr\u00edveis.<br \/>\n\t\t\t<a href=\"https:\/\/api.whatsapp.com\/send?phone=5511975542809&#038;text=Ol%C3%A1.%20meu%20nome%20%C3%A9%20....%20vi%20seu%20site%20de%20Casamento%2C%20Luciana%20e%20Herlon%20e%20gostaria%20de%20mais%20informa%C3%A7%C3%B5es%20sobre...\" target=\"_blank\" rel=\"noopener\"><br \/>\n\t\t\t\t\t\tFale Agora pelo Whats<br \/>\n\t\t\t\t\t<\/a><\/p>\n<span class=\"kt-load-after-post\"><\/span>","protected":false},"excerpt":{"rendered":"<p>Fotografias \u00fanicas para momentos especiais Fotografias de casamento, \u00fanicas para momentos especiais O amor \u00e9 um sentimento \u00fanico e especial, que merece ser celebrado em todos os momentos. E que maneira melhor de celebrar o amor do que eternizando-o em fotografias? A fotografia \u00e9 uma arte que nos permite capturar a beleza e a magia&#8230;<\/p>\n","protected":false},"author":4,"featured_media":0,"parent":0,"menu_order":0,"comment_status":"closed","ping_status":"closed","template":"","meta":{"_kad_blocks_custom_css":"","_kad_blocks_head_custom_js":"","_kad_blocks_body_custom_js":"","_kad_blocks_footer_custom_js":"","_kadence_starter_templates_imported_post":false,"_kad_post_transparent":"","_kad_post_title":"","_kad_post_layout":"","_kad_post_sidebar_id":"","_kad_post_content_style":"","_kad_post_vertical_padding":"","_kad_post_feature":"","_kad_post_feature_position":"","_kad_post_header":false,"_kad_post_footer":false,"_joinchat":[],"footnotes":""},"class_list":["post-8147","page","type-page","status-publish","hentry"],"yoast_head":"<!-- This site is optimized with the Yoast SEO Premium plugin v22.1 (Yoast SEO v27.2) - https:\/\/yoast.com\/product\/yoast-seo-premium-wordpress\/ -->\n<title>uma-experiencia-unica - Est\u00fadio Luciana e H\u00e9rlon: Fotografia e Filmagem de Casamentos e Momentos Especiais<\/title>\n<meta name=\"robots\" content=\"index, follow, max-snippet:-1, max-image-preview:large, max-video-preview:-1\" \/>\n<link rel=\"canonical\" href=\"https:\/\/estudiolucianaeherlon.com.br\/casamento\/uma-experiencia-unica\/\" \/>\n<meta property=\"og:locale\" content=\"pt_BR\" \/>\n<meta property=\"og:type\" content=\"article\" \/>\n<meta property=\"og:title\" content=\"uma-experiencia-unica\" \/>\n<meta property=\"og:description\" content=\"Fotografias \u00fanicas para momentos especiais Fotografias de casamento, \u00fanicas para momentos especiais O amor \u00e9 um sentimento \u00fanico e especial, que merece ser celebrado em todos os momentos. E que maneira melhor de celebrar o amor do que eternizando-o em fotografias? A fotografia \u00e9 uma arte que nos permite capturar a beleza e a magia...\" \/>\n<meta property=\"og:url\" content=\"https:\/\/estudiolucianaeherlon.com.br\/casamento\/uma-experiencia-unica\/\" \/>\n<meta property=\"og:site_name\" content=\"Est\u00fadio Luciana e H\u00e9rlon: Fotografia e Filmagem de Casamentos e Momentos Especiais\" \/>\n<meta property=\"article:publisher\" content=\"https:\/\/web.facebook.com\/estudiolucianaeherlon\" \/>\n<meta property=\"article:modified_time\" content=\"2023-09-03T22:04:49+00:00\" \/>\n<meta property=\"og:image\" content=\"https:\/\/lucianaeherlon.com.br\/wp-content\/uploads\/2023\/09\/LUT06356-1-1-scaled.jpg\" \/>\n<meta name=\"twitter:card\" content=\"summary_large_image\" \/>\n<meta name=\"twitter:label1\" content=\"Est. tempo de leitura\" \/>\n\t<meta name=\"twitter:data1\" content=\"2 minutos\" \/>\n<script type=\"application\/ld+json\" class=\"yoast-schema-graph\">{\"@context\":\"https:\/\/schema.org\",\"@graph\":[{\"@type\":\"WebPage\",\"@id\":\"https:\/\/estudiolucianaeherlon.com.br\/casamento\/uma-experiencia-unica\/\",\"url\":\"https:\/\/estudiolucianaeherlon.com.br\/casamento\/uma-experiencia-unica\/\",\"name\":\"uma-experiencia-unica - Est\u00fadio Luciana e H\u00e9rlon: Fotografia e Filmagem de Casamentos e Momentos Especiais\",\"isPartOf\":{\"@id\":\"https:\/\/estudiolucianaeherlon.com.br\/casamento\/#website\"},\"primaryImageOfPage\":{\"@id\":\"https:\/\/estudiolucianaeherlon.com.br\/casamento\/uma-experiencia-unica\/#primaryimage\"},\"image\":{\"@id\":\"https:\/\/estudiolucianaeherlon.com.br\/casamento\/uma-experiencia-unica\/#primaryimage\"},\"thumbnailUrl\":\"https:\/\/lucianaeherlon.com.br\/wp-content\/uploads\/2023\/09\/LUT06356-1-1-scaled.jpg\",\"datePublished\":\"2023-09-03T21:15:58+00:00\",\"dateModified\":\"2023-09-03T22:04:49+00:00\",\"breadcrumb\":{\"@id\":\"https:\/\/estudiolucianaeherlon.com.br\/casamento\/uma-experiencia-unica\/#breadcrumb\"},\"inLanguage\":\"pt-BR\",\"potentialAction\":[{\"@type\":\"ReadAction\",\"target\":[\"https:\/\/estudiolucianaeherlon.com.br\/casamento\/uma-experiencia-unica\/\"]}]},{\"@type\":\"ImageObject\",\"inLanguage\":\"pt-BR\",\"@id\":\"https:\/\/estudiolucianaeherlon.com.br\/casamento\/uma-experiencia-unica\/#primaryimage\",\"url\":\"https:\/\/lucianaeherlon.com.br\/wp-content\/uploads\/2023\/09\/LUT06356-1-1-scaled.jpg\",\"contentUrl\":\"https:\/\/lucianaeherlon.com.br\/wp-content\/uploads\/2023\/09\/LUT06356-1-1-scaled.jpg\"},{\"@type\":\"BreadcrumbList\",\"@id\":\"https:\/\/estudiolucianaeherlon.com.br\/casamento\/uma-experiencia-unica\/#breadcrumb\",\"itemListElement\":[{\"@type\":\"ListItem\",\"position\":1,\"name\":\"Home\",\"item\":\"https:\/\/estudiolucianaeherlon.com.br\/casamento\/\"},{\"@type\":\"ListItem\",\"position\":2,\"name\":\"uma-experiencia-unica\"}]},{\"@type\":\"WebSite\",\"@id\":\"https:\/\/estudiolucianaeherlon.com.br\/casamento\/#website\",\"url\":\"https:\/\/estudiolucianaeherlon.com.br\/casamento\/\",\"name\":\"Est\u00fadio Luciana e H\u00e9rlon: Fotografia e Filmagem de Casamento\",\"description\":\"No Est\u00fadio Luciana e H\u00e9rlon, somos especialistas em capturar os momentos mais importantes da sua vida. Com mais de uma d\u00e9cada de experi\u00eancia em fotografia e filmagem, oferecemos servi\u00e7os profissionais para casamentos, pr\u00e9-weddings, ensaios de gestantes, de casais, de debutantes e renova\u00e7\u00e3o de votos. Nossa equipe altamente qualificada est\u00e1 comprometida em contar a sua hist\u00f3ria de amor de maneira aut\u00eantica e emocionante. Entre em contato conosco para criar mem\u00f3rias que durar\u00e3o para sempre.\",\"publisher\":{\"@id\":\"https:\/\/estudiolucianaeherlon.com.br\/casamento\/#organization\"},\"potentialAction\":[{\"@type\":\"SearchAction\",\"target\":{\"@type\":\"EntryPoint\",\"urlTemplate\":\"https:\/\/estudiolucianaeherlon.com.br\/casamento\/?s={search_term_string}\"},\"query-input\":{\"@type\":\"PropertyValueSpecification\",\"valueRequired\":true,\"valueName\":\"search_term_string\"}}],\"inLanguage\":\"pt-BR\"},{\"@type\":\"Organization\",\"@id\":\"https:\/\/estudiolucianaeherlon.com.br\/casamento\/#organization\",\"name\":\"Est\u00fadio Luciana Teixeira e H\u00e9rlon Oliveira | Fotografia e Filme de Casamento\",\"url\":\"https:\/\/estudiolucianaeherlon.com.br\/casamento\/\",\"logo\":{\"@type\":\"ImageObject\",\"inLanguage\":\"pt-BR\",\"@id\":\"https:\/\/estudiolucianaeherlon.com.br\/casamento\/#\/schema\/logo\/image\/\",\"url\":\"https:\/\/estudiolucianaeherlon.com.br\/casamento\/wp-content\/uploads\/2024\/03\/cropped-300x300-1.png\",\"contentUrl\":\"https:\/\/estudiolucianaeherlon.com.br\/casamento\/wp-content\/uploads\/2024\/03\/cropped-300x300-1.png\",\"width\":300,\"height\":305,\"caption\":\"Est\u00fadio Luciana Teixeira e H\u00e9rlon Oliveira | Fotografia e Filme de Casamento\"},\"image\":{\"@id\":\"https:\/\/estudiolucianaeherlon.com.br\/casamento\/#\/schema\/logo\/image\/\"},\"sameAs\":[\"https:\/\/web.facebook.com\/estudiolucianaeherlon\",\"https:\/\/www.instagram.com\/estudiolucianaherlon\",\"https:\/\/www.youtube.com\/@estudiolucianaeherlon\",\"https:\/\/br.pinterest.com\/estudiolucianaeherlon\/\",\"https:\/\/www.tiktok.com\/@estudiolucianaeherlon\"]}]}<\/script>\n<!-- \/ Yoast SEO Premium plugin. -->","yoast_head_json":{"title":"uma-experiencia-unica - Est\u00fadio Luciana e H\u00e9rlon: Fotografia e Filmagem de Casamentos e Momentos Especiais","robots":{"index":"index","follow":"follow","max-snippet":"max-snippet:-1","max-image-preview":"max-image-preview:large","max-video-preview":"max-video-preview:-1"},"canonical":"https:\/\/estudiolucianaeherlon.com.br\/casamento\/uma-experiencia-unica\/","og_locale":"pt_BR","og_type":"article","og_title":"uma-experiencia-unica","og_description":"Fotografias \u00fanicas para momentos especiais Fotografias de casamento, \u00fanicas para momentos especiais O amor \u00e9 um sentimento \u00fanico e especial, que merece ser celebrado em todos os momentos. E que maneira melhor de celebrar o amor do que eternizando-o em fotografias? A fotografia \u00e9 uma arte que nos permite capturar a beleza e a magia...","og_url":"https:\/\/estudiolucianaeherlon.com.br\/casamento\/uma-experiencia-unica\/","og_site_name":"Est\u00fadio Luciana e H\u00e9rlon: Fotografia e Filmagem de Casamentos e Momentos Especiais","article_publisher":"https:\/\/web.facebook.com\/estudiolucianaeherlon","article_modified_time":"2023-09-03T22:04:49+00:00","og_image":[{"url":"https:\/\/lucianaeherlon.com.br\/wp-content\/uploads\/2023\/09\/LUT06356-1-1-scaled.jpg","type":"","width":"","height":""}],"twitter_card":"summary_large_image","twitter_misc":{"Est. tempo de leitura":"2 minutos"},"schema":{"@context":"https:\/\/schema.org","@graph":[{"@type":"WebPage","@id":"https:\/\/estudiolucianaeherlon.com.br\/casamento\/uma-experiencia-unica\/","url":"https:\/\/estudiolucianaeherlon.com.br\/casamento\/uma-experiencia-unica\/","name":"uma-experiencia-unica - Est\u00fadio Luciana e H\u00e9rlon: Fotografia e Filmagem de Casamentos e Momentos Especiais","isPartOf":{"@id":"https:\/\/estudiolucianaeherlon.com.br\/casamento\/#website"},"primaryImageOfPage":{"@id":"https:\/\/estudiolucianaeherlon.com.br\/casamento\/uma-experiencia-unica\/#primaryimage"},"image":{"@id":"https:\/\/estudiolucianaeherlon.com.br\/casamento\/uma-experiencia-unica\/#primaryimage"},"thumbnailUrl":"https:\/\/lucianaeherlon.com.br\/wp-content\/uploads\/2023\/09\/LUT06356-1-1-scaled.jpg","datePublished":"2023-09-03T21:15:58+00:00","dateModified":"2023-09-03T22:04:49+00:00","breadcrumb":{"@id":"https:\/\/estudiolucianaeherlon.com.br\/casamento\/uma-experiencia-unica\/#breadcrumb"},"inLanguage":"pt-BR","potentialAction":[{"@type":"ReadAction","target":["https:\/\/estudiolucianaeherlon.com.br\/casamento\/uma-experiencia-unica\/"]}]},{"@type":"ImageObject","inLanguage":"pt-BR","@id":"https:\/\/estudiolucianaeherlon.com.br\/casamento\/uma-experiencia-unica\/#primaryimage","url":"https:\/\/lucianaeherlon.com.br\/wp-content\/uploads\/2023\/09\/LUT06356-1-1-scaled.jpg","contentUrl":"https:\/\/lucianaeherlon.com.br\/wp-content\/uploads\/2023\/09\/LUT06356-1-1-scaled.jpg"},{"@type":"BreadcrumbList","@id":"https:\/\/estudiolucianaeherlon.com.br\/casamento\/uma-experiencia-unica\/#breadcrumb","itemListElement":[{"@type":"ListItem","position":1,"name":"Home","item":"https:\/\/estudiolucianaeherlon.com.br\/casamento\/"},{"@type":"ListItem","position":2,"name":"uma-experiencia-unica"}]},{"@type":"WebSite","@id":"https:\/\/estudiolucianaeherlon.com.br\/casamento\/#website","url":"https:\/\/estudiolucianaeherlon.com.br\/casamento\/","name":"Est\u00fadio Luciana e H\u00e9rlon: Fotografia e Filmagem de Casamento","description":"No Est\u00fadio Luciana e H\u00e9rlon, somos especialistas em capturar os momentos mais importantes da sua vida. Com mais de uma d\u00e9cada de experi\u00eancia em fotografia e filmagem, oferecemos servi\u00e7os profissionais para casamentos, pr\u00e9-weddings, ensaios de gestantes, de casais, de debutantes e renova\u00e7\u00e3o de votos. Nossa equipe altamente qualificada est\u00e1 comprometida em contar a sua hist\u00f3ria de amor de maneira aut\u00eantica e emocionante. Entre em contato conosco para criar mem\u00f3rias que durar\u00e3o para sempre.","publisher":{"@id":"https:\/\/estudiolucianaeherlon.com.br\/casamento\/#organization"},"potentialAction":[{"@type":"SearchAction","target":{"@type":"EntryPoint","urlTemplate":"https:\/\/estudiolucianaeherlon.com.br\/casamento\/?s={search_term_string}"},"query-input":{"@type":"PropertyValueSpecification","valueRequired":true,"valueName":"search_term_string"}}],"inLanguage":"pt-BR"},{"@type":"Organization","@id":"https:\/\/estudiolucianaeherlon.com.br\/casamento\/#organization","name":"Est\u00fadio Luciana Teixeira e H\u00e9rlon Oliveira | Fotografia e Filme de Casamento","url":"https:\/\/estudiolucianaeherlon.com.br\/casamento\/","logo":{"@type":"ImageObject","inLanguage":"pt-BR","@id":"https:\/\/estudiolucianaeherlon.com.br\/casamento\/#\/schema\/logo\/image\/","url":"https:\/\/estudiolucianaeherlon.com.br\/casamento\/wp-content\/uploads\/2024\/03\/cropped-300x300-1.png","contentUrl":"https:\/\/estudiolucianaeherlon.com.br\/casamento\/wp-content\/uploads\/2024\/03\/cropped-300x300-1.png","width":300,"height":305,"caption":"Est\u00fadio Luciana Teixeira e H\u00e9rlon Oliveira | Fotografia e Filme de Casamento"},"image":{"@id":"https:\/\/estudiolucianaeherlon.com.br\/casamento\/#\/schema\/logo\/image\/"},"sameAs":["https:\/\/web.facebook.com\/estudiolucianaeherlon","https:\/\/www.instagram.com\/estudiolucianaherlon","https:\/\/www.youtube.com\/@estudiolucianaeherlon","https:\/\/br.pinterest.com\/estudiolucianaeherlon\/","https:\/\/www.tiktok.com\/@estudiolucianaeherlon"]}]}},"taxonomy_info":[],"featured_image_src_large":false,"author_info":{"display_name":"Luciana Herlon","author_link":"https:\/\/estudiolucianaeherlon.com.br\/casamento\/author\/no2adm\/"},"comment_info":0,"_links":{"self":[{"href":"https:\/\/estudiolucianaeherlon.com.br\/casamento\/wp-json\/wp\/v2\/pages\/8147","targetHints":{"allow":["GET"]}}],"collection":[{"href":"https:\/\/estudiolucianaeherlon.com.br\/casamento\/wp-json\/wp\/v2\/pages"}],"about":[{"href":"https:\/\/estudiolucianaeherlon.com.br\/casamento\/wp-json\/wp\/v2\/types\/page"}],"author":[{"embeddable":true,"href":"https:\/\/estudiolucianaeherlon.com.br\/casamento\/wp-json\/wp\/v2\/users\/4"}],"replies":[{"embeddable":true,"href":"https:\/\/estudiolucianaeherlon.com.br\/casamento\/wp-json\/wp\/v2\/comments?post=8147"}],"version-history":[{"count":0,"href":"https:\/\/estudiolucianaeherlon.com.br\/casamento\/wp-json\/wp\/v2\/pages\/8147\/revisions"}],"wp:attachment":[{"href":"https:\/\/estudiolucianaeherlon.com.br\/casamento\/wp-json\/wp\/v2\/media?parent=8147"}],"curies":[{"name":"wp","href":"https:\/\/api.w.org\/{rel}","templated":true}]}}